{"id":19,"date":"2025-12-21T11:10:07","date_gmt":"2025-12-21T11:10:07","guid":{"rendered":"http:\/\/test.maria-eisen.de\/?page_id=19"},"modified":"2026-02-07T09:28:30","modified_gmt":"2026-02-07T08:28:30","slug":"ueber-mich","status":"publish","type":"page","link":"https:\/\/maria-eisen.de\/?page_id=19","title":{"rendered":"\u00dcber mich"},"content":{"rendered":"\n<p style=\"font-size:20px\"><strong>Ausbildung<\/strong><\/p>\n\n\n\n<p>2015: Habilitation an der Universit\u00e4t Freiburg<\/p>\n\n\n\n<p>2009: Promotion an der Universit\u00e4t des Saarlandes<\/p>\n\n\n\n<p>2002: Diplom als \u00dcbersetzerin f\u00fcr Deutsch, Russisch und Spanisch, Universit\u00e4t des Saarlandes, Schwerpunkte \u2013 Recht und Wirtschaft&nbsp;<\/p>\n\n\n\n<p>1993 \u2013 1997: Germanistik- und Anglistikstudium in Russland&nbsp;<\/p>\n\n\n\n<p>1989 \u2013 1993: Studium der Musikwissenschaft und Kunstgeschichte in Russland&nbsp;<\/p>\n\n\n\n<p style=\"font-size:20px\"><strong>Berufserfahrung<\/strong><\/p>\n\n\n\n<p>seit 2004: allgemein vereidigte \u00dcbersetzerin f\u00fcr Russisch und Spanisch, allgemein vereidigte Dolmetscherin f\u00fcr Russisch<\/p>\n\n\n\n<p>seit 2015: Privatdozentin an der Universit\u00e4t Freiburg<\/p>\n\n\n\n<p>seit 2004: Dozentin f\u00fcr \u00dcbersetzen, Fach\u00fcbersetzen, Sprachpraxis sowie Sprach- und Translationswissenschaft an den Universit\u00e4ten Freiburg, Gie\u00dfen, Mainz, Mainz\/Germersheim, Heidelberg und an der Universit\u00e4t des Saarlandes<\/p>\n\n\n\n<p>2010: \u00dcbersetzerin f\u00fcr Russisch und Englisch am Europ\u00e4ischen Patentamt M\u00fcnchen<\/p>\n\n\n\n<p>2006: Pr\u00fcferin f\u00fcr Russisch am Staatlichen Pr\u00fcfungsamt f\u00fcr \u00dcbersetzer und Dolmetscher, Bildungsministerium des Saarlandes sowie am Lehrgang \u201eSprachmittler\u201c, IHK des Saarlandes<\/p>\n\n\n\n<p>2000 \u2013 2008: Mitarbeit am Juristischen Internetprojekt Saarbr\u00fccken&nbsp;<\/p>\n\n\n\n<p>1997 \u2013 2004: Dozentin f\u00fcr Deutsch als Fremdsprache an mehreren Bildungstr\u00e4gern in Saarbr\u00fccken (FAW, CDC, VHS u. a.)<\/p>\n\n\n\n<p style=\"font-size:20px\"><strong>Ver\u00f6ffentlichungen (bis 2023 unter dem Namen Maria Mushchinina)<\/strong><\/p>\n\n\n\n<div class=\"wp-block-media-text is-stacked-on-mobile\" style=\"grid-template-columns:20% auto\"><figure class=\"wp-block-media-text__media\"><img loading=\"lazy\" decoding=\"async\" width=\"725\" height=\"1024\" src=\"https:\/\/maria-eisen.de\/wp-content\/uploads\/2026\/01\/Habilitationsschrift-Titelseite_page-0001-2-725x1024.jpg\" alt=\"\" class=\"wp-image-159 size-full\" srcset=\"https:\/\/maria-eisen.de\/wp-content\/uploads\/2026\/01\/Habilitationsschrift-Titelseite_page-0001-2-725x1024.jpg 725w, https:\/\/maria-eisen.de\/wp-content\/uploads\/2026\/01\/Habilitationsschrift-Titelseite_page-0001-2-212x300.jpg 212w, https:\/\/maria-eisen.de\/wp-content\/uploads\/2026\/01\/Habilitationsschrift-Titelseite_page-0001-2-768x1085.jpg 768w, https:\/\/maria-eisen.de\/wp-content\/uploads\/2026\/01\/Habilitationsschrift-Titelseite_page-0001-2-1087x1536.jpg 1087w, https:\/\/maria-eisen.de\/wp-content\/uploads\/2026\/01\/Habilitationsschrift-Titelseite_page-0001-2-960x1357.jpg 960w, https:\/\/maria-eisen.de\/wp-content\/uploads\/2026\/01\/Habilitationsschrift-Titelseite_page-0001-2.jpg 1241w\" sizes=\"auto, (max-width: 725px) 100vw, 725px\" \/><\/figure><div class=\"wp-block-media-text__content\">\n<p>Habilitationsschrift: Sprachverwendung und Normvorstellung in der Fachkommunikation. Berlin: Frank &amp; Timme, 2016.<\/p>\n<\/div><\/div>\n\n\n\n<p><\/p>\n\n\n\n<div class=\"wp-block-media-text is-stacked-on-mobile\" style=\"grid-template-columns:20% auto\"><figure class=\"wp-block-media-text__media\"><img loading=\"lazy\" decoding=\"async\" width=\"724\" height=\"1024\" src=\"https:\/\/maria-eisen.de\/wp-content\/uploads\/2026\/01\/Dissertation-Titelseite_page-0001-1-724x1024.jpg\" alt=\"\" class=\"wp-image-160 size-full\" srcset=\"https:\/\/maria-eisen.de\/wp-content\/uploads\/2026\/01\/Dissertation-Titelseite_page-0001-1-724x1024.jpg 724w, https:\/\/maria-eisen.de\/wp-content\/uploads\/2026\/01\/Dissertation-Titelseite_page-0001-1-212x300.jpg 212w, https:\/\/maria-eisen.de\/wp-content\/uploads\/2026\/01\/Dissertation-Titelseite_page-0001-1-768x1087.jpg 768w, https:\/\/maria-eisen.de\/wp-content\/uploads\/2026\/01\/Dissertation-Titelseite_page-0001-1-1085x1536.jpg 1085w, https:\/\/maria-eisen.de\/wp-content\/uploads\/2026\/01\/Dissertation-Titelseite_page-0001-1-960x1359.jpg 960w, https:\/\/maria-eisen.de\/wp-content\/uploads\/2026\/01\/Dissertation-Titelseite_page-0001-1.jpg 1240w\" sizes=\"auto, (max-width: 724px) 100vw, 724px\" \/><\/figure><div class=\"wp-block-media-text__content\">\n<p>Dissertation: Rechtsterminologie \u2013 ein Beschreibungsmodell: Das russische Recht des geistigen Eigentums. Berlin: Frank &amp; Timme, 2009.<\/p>\n<\/div><\/div>\n\n\n\n<p>Publikationen zu Translation und Translationsdidaktik, Spracherwerb und Sprachdidaktik, Sprachrezeption, Mehrsprachigkeit, Interkomprehension, interkultureller Kommunikation, Rechtssprache, linguistischer Gerichtsexpertise und Sprachpragmatik<\/p>\n\n\n\n<div class=\"wp-block-buttons is-layout-flex wp-block-buttons-is-layout-flex\">\n<div class=\"wp-block-button has-custom-width wp-block-button__width-100\"><a class=\"wp-block-button__link has-white-color has-text-color has-link-color has-medium-font-size has-custom-font-size wp-element-button\" href=\"http:\/\/maria-eisen.de\/?page_id=36\" style=\"border-top-left-radius:40px;border-top-right-radius:40px;border-bottom-left-radius:40px;border-bottom-right-radius:40px\">Angebot anfordern<\/a><\/div>\n<\/div>\n","protected":false},"excerpt":{"rendered":"<p>Ausbildung 2015: Habilitation an der Universit\u00e4t Freiburg 2009: Promotion an der Universit\u00e4t des Saarlandes 2002: Diplom als \u00dcbersetzerin f\u00fcr Deutsch, Russisch und Spanisch, Universit\u00e4t des Saarlandes, Schwerpunkte \u2013 Recht und Wirtschaft&nbsp; 1993 \u2013 1997: Germanistik- und Anglistikstudium in Russland&nbsp; 1989 \u2013 1993: Studium der Musikwissenschaft und Kunstgeschichte in Russland&nbsp; Berufserfahrung seit 2004: allgemein vereidigte \u00dcbersetzerin <a href=\"https:\/\/maria-eisen.de\/?page_id=19\" class=\"more-link\">...weiterlesen<span class=\"screen-reader-text\"> \"\u00dcber mich\"<\/span><\/a><\/p>\n","protected":false},"author":1,"featured_media":0,"parent":0,"menu_order":0,"comment_status":"closed","ping_status":"closed","template":"","meta":{"footnotes":""},"class_list":["post-19","page","type-page","status-publish","h-entry","hentry","h-as-page"],"_links":{"self":[{"href":"https:\/\/maria-eisen.de\/index.php?rest_route=\/wp\/v2\/pages\/19","targetHints":{"allow":["GET"]}}],"collection":[{"href":"https:\/\/maria-eisen.de\/index.php?rest_route=\/wp\/v2\/pages"}],"about":[{"href":"https:\/\/maria-eisen.de\/index.php?rest_route=\/wp\/v2\/types\/page"}],"author":[{"embeddable":true,"href":"https:\/\/maria-eisen.de\/index.php?rest_route=\/wp\/v2\/users\/1"}],"replies":[{"embeddable":true,"href":"https:\/\/maria-eisen.de\/index.php?rest_route=%2Fwp%2Fv2%2Fcomments&post=19"}],"version-history":[{"count":12,"href":"https:\/\/maria-eisen.de\/index.php?rest_route=\/wp\/v2\/pages\/19\/revisions"}],"predecessor-version":[{"id":359,"href":"https:\/\/maria-eisen.de\/index.php?rest_route=\/wp\/v2\/pages\/19\/revisions\/359"}],"wp:attachment":[{"href":"https:\/\/maria-eisen.de\/index.php?rest_route=%2Fwp%2Fv2%2Fmedia&parent=19"}],"curies":[{"name":"wp","href":"https:\/\/api.w.org\/{rel}","templated":true}]}}

Über mich

<p style="font-size:20px"><strong>Ausbildung</strong></p>



<p>2015: Habilitation an der Universität Freiburg</p>



<p>2009: Promotion an der Universität des Saarlandes</p>



<p>2002: Diplom als Übersetzerin für Deutsch, Russisch und Spanisch, Universität des Saarlandes, Schwerpunkte – Recht und Wirtschaft&nbsp;</p>



<p>1993 – 1997: Germanistik- und Anglistikstudium in Russland&nbsp;</p>



<p>1989 – 1993: Studium der Musikwissenschaft und Kunstgeschichte in Russland&nbsp;</p>



<p style="font-size:20px"><strong>Berufserfahrung</strong></p>



<p>seit 2004: allgemein vereidigte Übersetzerin für Russisch und Spanisch, allgemein vereidigte Dolmetscherin für Russisch</p>



<p>seit 2015: Privatdozentin an der Universität Freiburg</p>



<p>seit 2004: Dozentin für Übersetzen, Fachübersetzen, Sprachpraxis sowie Sprach- und Translationswissenschaft an den Universitäten Freiburg, Gießen, Mainz, Mainz/Germersheim, Heidelberg und an der Universität des Saarlandes</p>



<p>2010: Übersetzerin für Russisch und Englisch am Europäischen Patentamt München</p>



<p>2006: Prüferin für Russisch am Staatlichen Prüfungsamt für Übersetzer und Dolmetscher, Bildungsministerium des Saarlandes sowie am Lehrgang „Sprachmittler“, IHK des Saarlandes</p>



<p>2000 – 2008: Mitarbeit am Juristischen Internetprojekt Saarbrücken&nbsp;</p>



<p>1997 – 2004: Dozentin für Deutsch als Fremdsprache an mehreren Bildungsträgern in Saarbrücken (FAW, CDC, VHS u. a.)</p>



<p style="font-size:20px"><strong>Veröffentlichungen (bis 2023 unter dem Namen Maria Mushchinina)</strong></p>



<div class="wp-block-media-text is-stacked-on-mobile" style="grid-template-columns:20% auto"><figure class="wp-block-media-text__media"><img loading="lazy" decoding="async" width="725" height="1024" src="https://maria-eisen.de/wp-content/uploads/2026/01/Habilitationsschrift-Titelseite_page-0001-2-725x1024.jpg" alt="" class="wp-image-159 size-full" srcset="https://maria-eisen.de/wp-content/uploads/2026/01/Habilitationsschrift-Titelseite_page-0001-2-725x1024.jpg 725w, https://maria-eisen.de/wp-content/uploads/2026/01/Habilitationsschrift-Titelseite_page-0001-2-212x300.jpg 212w, https://maria-eisen.de/wp-content/uploads/2026/01/Habilitationsschrift-Titelseite_page-0001-2-768x1085.jpg 768w, https://maria-eisen.de/wp-content/uploads/2026/01/Habilitationsschrift-Titelseite_page-0001-2-1087x1536.jpg 1087w, https://maria-eisen.de/wp-content/uploads/2026/01/Habilitationsschrift-Titelseite_page-0001-2-960x1357.jpg 960w, https://maria-eisen.de/wp-content/uploads/2026/01/Habilitationsschrift-Titelseite_page-0001-2.jpg 1241w" sizes="auto, (max-width: 725px) 100vw, 725px" /></figure><div class="wp-block-media-text__content">
<p>Habilitationsschrift: Sprachverwendung und Normvorstellung in der Fachkommunikation. Berlin: Frank &amp; Timme, 2016.</p>
</div></div>



<p></p>



<div class="wp-block-media-text is-stacked-on-mobile" style="grid-template-columns:20% auto"><figure class="wp-block-media-text__media"><img loading="lazy" decoding="async" width="724" height="1024" src="https://maria-eisen.de/wp-content/uploads/2026/01/Dissertation-Titelseite_page-0001-1-724x1024.jpg" alt="" class="wp-image-160 size-full" srcset="https://maria-eisen.de/wp-content/uploads/2026/01/Dissertation-Titelseite_page-0001-1-724x1024.jpg 724w, https://maria-eisen.de/wp-content/uploads/2026/01/Dissertation-Titelseite_page-0001-1-212x300.jpg 212w, https://maria-eisen.de/wp-content/uploads/2026/01/Dissertation-Titelseite_page-0001-1-768x1087.jpg 768w, https://maria-eisen.de/wp-content/uploads/2026/01/Dissertation-Titelseite_page-0001-1-1085x1536.jpg 1085w, https://maria-eisen.de/wp-content/uploads/2026/01/Dissertation-Titelseite_page-0001-1-960x1359.jpg 960w, https://maria-eisen.de/wp-content/uploads/2026/01/Dissertation-Titelseite_page-0001-1.jpg 1240w" sizes="auto, (max-width: 724px) 100vw, 724px" /></figure><div class="wp-block-media-text__content">
<p>Dissertation: Rechtsterminologie – ein Beschreibungsmodell: Das russische Recht des geistigen Eigentums. Berlin: Frank &amp; Timme, 2009.</p>
</div></div>



<p>Publikationen zu Translation und Translationsdidaktik, Spracherwerb und Sprachdidaktik, Sprachrezeption, Mehrsprachigkeit, Interkomprehension, interkultureller Kommunikation, Rechtssprache, linguistischer Gerichtsexpertise und Sprachpragmatik</p>



<div class="wp-block-buttons is-layout-flex wp-block-buttons-is-layout-flex">
<div class="wp-block-button has-custom-width wp-block-button__width-100"><a class="wp-block-button__link has-white-color has-text-color has-link-color has-medium-font-size has-custom-font-size wp-element-button" href="http://maria-eisen.de/?page_id=36" style="border-top-left-radius:40px;border-top-right-radius:40px;border-bottom-left-radius:40px;border-bottom-right-radius:40px">Angebot anfordern</a></div>
</div>

<p>Ausbildung 2015: Habilitation an der Universität Freiburg 2009: Promotion an der Universität des Saarlandes 2002: Diplom als Übersetzerin für Deutsch, Russisch und Spanisch, Universität des Saarlandes, Schwerpunkte – Recht und Wirtschaft&nbsp; 1993 – 1997: Germanistik- und Anglistikstudium in Russland&nbsp; 1989 – 1993: Studium der Musikwissenschaft und Kunstgeschichte in Russland&nbsp; Berufserfahrung seit 2004: allgemein vereidigte Übersetzerin <a href="https://maria-eisen.de/?page_id=19" class="more-link">...weiterlesen<span class="screen-reader-text"> "Über mich"</span></a></p>
