{"id":27,"date":"2025-12-21T11:15:06","date_gmt":"2025-12-21T11:15:06","guid":{"rendered":"http:\/\/test.maria-eisen.de\/?page_id=27"},"modified":"2026-02-07T09:28:16","modified_gmt":"2026-02-07T08:28:16","slug":"3-3sprachtraining-lektorat","status":"publish","type":"page","link":"https:\/\/maria-eisen.de\/?page_id=27","title":{"rendered":"Sprachtraining &amp; Lektorat"},"content":{"rendered":"\n<p>Als <strong>erfahrene Hochschuldozentin und Sprachwissenschaftlerin<\/strong> biete ich fundiertes und praxisnahes Sprachtraining sowie Lektorat in Russisch und Deutsch.<\/p>\n\n\n\n<p>Bitte teilen Sie mir Ihre Ziele und W\u00fcnsche mit, Ihr Sprachniveau und gew\u00fcnschtes Format wie Einzeltraining, Gruppenkurs oder Online-Unterricht. Wir w\u00e4hlen gemeinsam geeignete Termine oder Unterrichtszeiten. Beim Lektorat stimmen wir den gew\u00fcnschten Liefertermin ab.<\/p>\n\n\n\n<p style=\"font-size:20px\"><strong>Preisgestaltung<\/strong><\/p>\n\n\n\n<p>Die <strong>Preise f\u00fcr Sprachtraining<\/strong> h\u00e4ngen vor allem von der&nbsp;<strong>Gruppengr\u00f6\u00dfe<\/strong><strong>&nbsp;<\/strong>und der<strong>&nbsp;<\/strong>Intensit\u00e4t <strong>des Unterrichts <\/strong>ab. Gerne bespreche ich Ihre Ziele und Rahmenbedingungen pers\u00f6nlich. Auf dieser Grundlage erstelle ich Ihnen ein auf Ihre Anforderungen und Vorstellungen abgestimmtes <strong>Angebot<\/strong>.<\/p>\n\n\n\n<div class=\"wp-block-buttons is-layout-flex wp-block-buttons-is-layout-flex\">\n<div class=\"wp-block-button has-custom-width wp-block-button__width-100\"><a class=\"wp-block-button__link has-white-color has-text-color has-link-color wp-element-button\" href=\"http:\/\/maria-eisen.de\/?page_id=36\">Angebot anfordern<\/a><\/div>\n<\/div>\n\n\n\n<p><\/p>\n","protected":false},"excerpt":{"rendered":"<p>Als erfahrene Hochschuldozentin und Sprachwissenschaftlerin biete ich fundiertes und praxisnahes Sprachtraining sowie Lektorat in Russisch und Deutsch. Bitte teilen Sie mir Ihre Ziele und W\u00fcnsche mit, Ihr Sprachniveau und gew\u00fcnschtes Format wie Einzeltraining, Gruppenkurs oder Online-Unterricht. Wir w\u00e4hlen gemeinsam geeignete Termine oder Unterrichtszeiten. Beim Lektorat stimmen wir den gew\u00fcnschten Liefertermin ab. Preisgestaltung Die Preise f\u00fcr <a href=\"https:\/\/maria-eisen.de\/?page_id=27\" class=\"more-link\">...weiterlesen<span class=\"screen-reader-text\"> \"Sprachtraining &amp; Lektorat\"<\/span><\/a><\/p>\n","protected":false},"author":1,"featured_media":0,"parent":0,"menu_order":0,"comment_status":"closed","ping_status":"closed","template":"","meta":{"footnotes":""},"class_list":["post-27","page","type-page","status-publish","h-entry","hentry","h-as-page"],"_links":{"self":[{"href":"https:\/\/maria-eisen.de\/index.php?rest_route=\/wp\/v2\/pages\/27","targetHints":{"allow":["GET"]}}],"collection":[{"href":"https:\/\/maria-eisen.de\/index.php?rest_route=\/wp\/v2\/pages"}],"about":[{"href":"https:\/\/maria-eisen.de\/index.php?rest_route=\/wp\/v2\/types\/page"}],"author":[{"embeddable":true,"href":"https:\/\/maria-eisen.de\/index.php?rest_route=\/wp\/v2\/users\/1"}],"replies":[{"embeddable":true,"href":"https:\/\/maria-eisen.de\/index.php?rest_route=%2Fwp%2Fv2%2Fcomments&post=27"}],"version-history":[{"count":9,"href":"https:\/\/maria-eisen.de\/index.php?rest_route=\/wp\/v2\/pages\/27\/revisions"}],"predecessor-version":[{"id":358,"href":"https:\/\/maria-eisen.de\/index.php?rest_route=\/wp\/v2\/pages\/27\/revisions\/358"}],"wp:attachment":[{"href":"https:\/\/maria-eisen.de\/index.php?rest_route=%2Fwp%2Fv2%2Fmedia&parent=27"}],"curies":[{"name":"wp","href":"https:\/\/api.w.org\/{rel}","templated":true}]}}